{"id":2,"date":"2009-03-26T23:55:53","date_gmt":"2009-03-26T21:55:53","guid":{"rendered":"http:\/\/tulipesa.com\/?page_id=2"},"modified":"2020-01-12T17:52:35","modified_gmt":"2020-01-12T15:52:35","slug":"tietoja","status":"publish","type":"page","link":"https:\/\/tulipesa.com\/?page_id=2","title":{"rendered":"Palvelut"},"content":{"rendered":"<p><img decoding=\"async\" loading=\"lazy\" src=\"http:\/\/tulipesa.com\/wp-content\/uploads\/2016\/02\/Oma_kuva.png\" alt=\"user\" class=\"alignright size-full wp-image-1898\" width=\"100\" height=\"111\"><br \/>\n<strong>Laatoitusty\u00f6t ammattitaidolla<\/strong><strong> ilman <em>arvonlis\u00e4veroa<\/em><\/strong>.<br \/>\n<img decoding=\"async\" src=\"http:\/\/tulipesa.com\/wp-content\/uploads\/2014\/06\/yes_0.png\" alt=\"yes_0.png\"><span><a href=\"http:\/\/e-weber.fi\">weber<\/a> m\u00e4rk\u00e4tilakortti<\/span><br \/>\n<img decoding=\"async\" src=\"http:\/\/tulipesa.com\/wp-content\/uploads\/2014\/06\/yes_0.png\" alt=\"yes_0.png\"><span><a href=\"http:\/\/www.vttexpertservices.fi\/files\/services\/exp\/personal_certification\/asentajaluettelo_markatilat.pdf\">VTT m\u00e4rk\u00e4tila sertifikaatti<\/a> <\/span><br \/>\n<img decoding=\"async\" src=\"http:\/\/tulipesa.com\/wp-content\/uploads\/2014\/06\/yes_0.png\" alt=\"yes_0.png\"><a href=\"http:\/\/www.tiileri.fi\/?sivu=tuotteet&amp;ryhma=takat\" target=\"blank_\" rel=\"noopener noreferrer\">Tiilerin<\/a> tulisijamuuraukset<br \/>\n<img decoding=\"async\" src=\"http:\/\/tulipesa.com\/wp-content\/uploads\/2014\/06\/yes_0.png\" alt=\"yes_0.png\"><a href=\"http:\/\/www.linnatuli.com\/\">Linnatuli uunit<\/a><br \/>\n<img decoding=\"async\" src=\"http:\/\/tulipesa.com\/wp-content\/uploads\/2014\/06\/yes_0.png\" alt=\"yes_0.png\">Ultimatemarket takat<br \/>\n<img decoding=\"async\" src=\"http:\/\/tulipesa.com\/wp-content\/uploads\/2014\/06\/yes_0.png\" alt=\"yes_0.png\">Harkkoperustukset<br \/>\n<img decoding=\"async\" src=\"http:\/\/tulipesa.com\/wp-content\/uploads\/2014\/06\/yes_0.png\" alt=\"yes_0.png\">Kivitalot<br \/>\n<img decoding=\"async\" src=\"http:\/\/tulipesa.com\/wp-content\/uploads\/2014\/06\/yes_0.png\" alt=\"yes_0.png\">Kevytsoraharkko<br \/>\n<img decoding=\"async\" src=\"http:\/\/tulipesa.com\/wp-content\/uploads\/2014\/06\/yes_0.png\" alt=\"yes_0.png\">Kahi harkko<br \/>\n<img decoding=\"async\" src=\"http:\/\/tulipesa.com\/wp-content\/uploads\/2014\/06\/yes_0.png\" alt=\"yes_0.png\">Desing harkko<br \/>\n<img decoding=\"async\" src=\"http:\/\/tulipesa.com\/wp-content\/uploads\/2014\/06\/yes_0.png\" alt=\"yes_0.png\">Poroton<br \/>\n<img decoding=\"async\" src=\"http:\/\/tulipesa.com\/wp-content\/uploads\/2014\/06\/yes_0.png\" alt=\"yes_0.png\">Sokkelin pinnoitukset<br \/>\n<img decoding=\"async\" src=\"http:\/\/tulipesa.com\/wp-content\/uploads\/2014\/06\/yes_0.png\" alt=\"yes_0.png\"><a href=\"http:\/\/www.veronmaksajat.fi\/omatveroasiat\/kotitalousvahennys\/\" target=\"blank_\" rel=\"noopener noreferrer\">Kotitalousv\u00e4hennysmahdollisuus<\/a><br \/>\nsoita niin kerron lis\u00e4\u00e4 0458785018<br \/>\n<a href=\"http:\/\/tulipesa.com\/?page_id=1273\" title=\"Yhteystiedot\">Yhteystiedot<\/a><\/p>\n<blockquote><p>m\u00e4rk\u00e4tilalaskuri netiss\u00e4 <a href=\"http:\/\/www.e-weber.fi\/palvelut\/laskentapalvelut\/maerkaetilalaskuri.html\" title=\"Weber M\u00e4rk\u00e4tilalaskuri\">Weber M\u00e4rk\u00e4tilalaskuri<\/a><\/p><\/blockquote>\n<p>Tiesitk\u00f6 ett\u00e4 voit nyt saada Tiilerin takkojen etukuvioon Laserkuvan <a href=\"http:\/\/tulipesa.com\/wp-content\/uploads\/2014\/06\/tiileri_laser.jpg\"><img decoding=\"async\" loading=\"lazy\" src=\"http:\/\/tulipesa.com\/wp-content\/uploads\/2014\/06\/tiileri_laser.jpg\" alt=\"tiileri_laser\" class=\"alignright size-full wp-image-1897\" width=\"400\" height=\"419\" srcset=\"https:\/\/tulipesa.com\/wp-content\/uploads\/2014\/06\/tiileri_laser.jpg 552w, https:\/\/tulipesa.com\/wp-content\/uploads\/2014\/06\/tiileri_laser-286x300.jpg 286w, https:\/\/tulipesa.com\/wp-content\/uploads\/2014\/06\/tiileri_laser-100x104.jpg 100w, https:\/\/tulipesa.com\/wp-content\/uploads\/2014\/06\/tiileri_laser-150x157.jpg 150w, https:\/\/tulipesa.com\/wp-content\/uploads\/2014\/06\/tiileri_laser-200x209.jpg 200w, https:\/\/tulipesa.com\/wp-content\/uploads\/2014\/06\/tiileri_laser-300x314.jpg 300w, https:\/\/tulipesa.com\/wp-content\/uploads\/2014\/06\/tiileri_laser-450x471.jpg 450w\" sizes=\"(max-width: 400px) 100vw, 400px\" \/><\/a><\/p>\n","protected":false},"excerpt":{"rendered":"<p>Laatoitusty\u00f6t ammattitaidolla ilman arvonlis\u00e4veroa. weber m\u00e4rk\u00e4tilakortti VTT m\u00e4rk\u00e4tila sertifikaatti Tiilerin tulisijamuuraukset Linnatuli uunit Ultimatemarket takat Harkkoperustukset Kivitalot Kevytsoraharkko Kahi harkko Desing harkko Poroton Sokkelin pinnoitukset Kotitalousv\u00e4hennysmahdollisuus soita niin kerron lis\u00e4\u00e4 0458785018 Yhteystiedot m\u00e4rk\u00e4tilalaskuri netiss\u00e4 Weber M\u00e4rk\u00e4tilalaskuri Tiesitk\u00f6 ett\u00e4 voit nyt &hellip;<\/p>\n<p class=\"read-more\"> <a class=\"more-link\" href=\"https:\/\/tulipesa.com\/?page_id=2\"> <span class=\"screen-reader-text\">Palvelut<\/span> Lue lis\u00e4\u00e4 &raquo;<\/a><\/p>\n","protected":false},"author":1,"featured_media":0,"parent":0,"menu_order":2,"comment_status":"closed","ping_status":"closed","template":"","meta":[],"_links":{"self":[{"href":"https:\/\/tulipesa.com\/index.php?rest_route=\/wp\/v2\/pages\/2"}],"collection":[{"href":"https:\/\/tulipesa.com\/index.php?rest_route=\/wp\/v2\/pages"}],"about":[{"href":"https:\/\/tulipesa.com\/index.php?rest_route=\/wp\/v2\/types\/page"}],"author":[{"embeddable":true,"href":"https:\/\/tulipesa.com\/index.php?rest_route=\/wp\/v2\/users\/1"}],"replies":[{"embeddable":true,"href":"https:\/\/tulipesa.com\/index.php?rest_route=%2Fwp%2Fv2%2Fcomments&post=2"}],"version-history":[{"count":98,"href":"https:\/\/tulipesa.com\/index.php?rest_route=\/wp\/v2\/pages\/2\/revisions"}],"predecessor-version":[{"id":2154,"href":"https:\/\/tulipesa.com\/index.php?rest_route=\/wp\/v2\/pages\/2\/revisions\/2154"}],"wp:attachment":[{"href":"https:\/\/tulipesa.com\/index.php?rest_route=%2Fwp%2Fv2%2Fmedia&parent=2"}],"curies":[{"name":"wp","href":"https:\/\/api.w.org\/{rel}","templated":true}]}}